factor of 27111 and 168?
21
Calculate the greatest common divisor of 3340 and 115.
5
Calculate the highest common factor of 38482 and 7668.
142
Calculate the highest common factor of 6050 and 400.
50
What is the greatest common divisor of 19736 and 232?
8
Calculate the highest common factor of 1274 and 416.
26
Calculate the highest common factor of 16562 and 1690.
338
What is the greatest common divisor of 65 and 2140?
5
Calculate the highest common factor of 360 and 146040.
120
What is the highest common divisor of 109810 and 120?
10
What is the greatest common factor of 87 and 30102?
87
What is the greatest common divisor of 786192 and 240?
48
Calculate the greatest common divisor of 837 and 22351.
31
What is the greatest common divisor of 37500 and 120?
60
Calculate the greatest common divisor of 14 and 30142.
14
What is the greatest common divisor of 47012 and 4526?
146
Calculate the highest common factor of 49728 and 5952.
192
What is the highest common factor of 415 and 51555?
5
What is the highest common factor of 45469 and 8872?
1109
Calculate the highest common divisor of 21900 and 211335.
1095
Calculate the highest common factor of 672 and 321216.
672
What is the highest common factor of 45 and 248895?
45
Calculate the highest common divisor of 400958 and 28706.
926
What is the highest common divisor of 2075370 and 20?
10
What is the greatest common factor of 32691 and 29937?
51
Calculate the highest common divisor of 3130 and 235.
5
Calculate the greatest common divisor of 102 and 12002.
34
Calculate the greatest common divisor of 2461 and 161.
23
What is the highest common factor of 1632 and 2755360?
544
What is the highest common divisor of 606 and 183?
3
What is the highest common factor of 85618 and 130?
26
What is the greatest common factor of 39190 and 23?
1
What is the greatest common divisor of 1210 and 54890?
110
Calculate the highest common factor of 525 and 662675.
25
Calculate the highest common factor of 943 and 186024.
23
What is the greatest common factor of 17988 and 36?
12
Calculate the greatest common factor of 3526 and 5576.
82
What is the greatest common factor of 50 and 43850?
50
Calculate the greatest common divisor of 1224 and 432.
72
Calculate the greatest common factor of 2960 and 178340.
740
What is the greatest common factor of 189 and 471501?
27
What is the greatest common divisor of 107933 and 17?
17
Calculate the highest common factor of 460172 and 406.
58
What is the greatest common divisor of 198910 and 10?
10
What is the greatest common divisor of 122430 and 3366?
66
Calculate the highest common factor of 323 and 9861.
19
What is the highest common factor of 2 and 117902?
2
Calculate the greatest common factor of 2369 and 2116.
23
Calculate the greatest common divisor of 38 and 9766.
38
Calculate the highest common divisor of 1409982 and 63.
21
Calculate the highest common factor of 177 and 156291.
177
What is the highest common divisor of 455328 and 2295?
459
What is the greatest common divisor of 1424 and 29815?
89
What is the greatest common divisor of 2297817 and 9?
9
Calculate the highest common factor of 75060 and 189.
27
Calculate the highest common divisor of 1505 and 21973.
301
Calculate the greatest common divisor of 6976 and 142681.
109
What is the highest common divisor of 783587 and 1085?
217
What is the greatest common divisor of 4264 and 781911?
533
Calculate the greatest common divisor of 60 and 65420.
20
Calculate the highest common factor of 5593 and 1309.
119
What is the greatest common divisor of 2546890 and 1290?
430
What is the highest common factor of 204974 and 14?
14
Calculate the greatest common factor of 4020234 and 6.
6
Calculate the highest common divisor of 249 and 277220.
83
Calculate the highest common factor of 101849 and 517.
517
What is the greatest common divisor of 95226 and 3766?
538
Calculate the greatest common factor of 48051 and 304.
19
Calculate the highest common factor of 540 and 24120.
180
Calculate the highest common factor of 38915 and 860.
215
What is the greatest common factor of 608 and 58824?
152
What is the highest common divisor of 360351 and 9?
9
What is the greatest common divisor of 3920 and 1808?
16
What is the greatest common divisor of 57 and 3666525?
57
What is the greatest common factor of 177648 and 84?
12
What is the greatest common factor of 360 and 11670?
30
Calculate the greatest common divisor of 2916 and 1404.
108
Calculate the greatest common divisor of 222 and 28209.
3
Calculate the highest common divisor of 3315 and 1040.
65
Calculate the greatest common factor of 4096260 and 1260.
1260
Calculate the highest common divisor of 23722 and 319.
29
Calculate the highest common divisor of 46846 and 56374.
794
Calculate the greatest common divisor of 5033 and 238.
7
Calculate the greatest common divisor of 264 and 10098.
66
What is the highest common divisor of 2627 and 158397?
37
What is the highest common factor of 270 and 17766?
54
What is the greatest common factor of 2790 and 31930?
310
Calculate the greatest common divisor of 20175 and 300.
75
Calculate the greatest common divisor of 2484 and 4103568.
2484
Calculate the highest common factor of 25 and 251475.
25
What is the highest common factor of 16 and 5666?
2
What is the greatest common divisor of 52043 and 2932?
733
What is the highest common factor of 11536 and 2184?
56
Calculate the highest common factor of 14 and 6642.
2
What is the highest common factor of 828 and 118611?
207
Calculate the greatest common divisor of 12 and 194772.
12
What is the highest common divisor of 3532 and 2400?
4
Calculate the highest common factor of 12962496 and 543.
543
Calculate the greatest common divisor of 6 and 1137750.
6
Calculate the highest common factor of 936 and 1689246.
234
What is the greatest common divisor of 132 and 3498?
66
What is the greatest common factor of 130000 and 10625?
625
What is the highest common factor of 42 and 195391?
7
What is the greatest common divisor of 81189 and 54?
27
Calculate the highest common factor of 6693 and 2139.
69
Calculate the greatest common factor of 34459 and 34.
17
What is the highest common factor of 1786 and 9253?
19
What is the greatest common divisor of 56 and 694456?
56
What is the greatest common divisor of 46062 and 2?
2
What is the highest common divisor of 96 and 172248?
24
Calculate the highest common factor of 103 and 671457.
103
Calculate the highest common factor of 256 and 928.
32
Calculate the highest common factor of 208416 and 192.
96
Calculate the highest common factor of 385 and 65.
5
Calculate the greatest common factor of 650076 and 8502.
654
What is the greatest common divisor of 5434 and 198?
22
Calculate the highest common divisor of 8019 and 1122.
33
Calculate the greatest common divisor of 221 and 7709.
13
What is the highest common factor of 176 and 2096?
16
What is the greatest common factor of 17048 and 40?
8
What is the highest common factor of 79690 and 1300?
130
Calculate the highest common factor of 442 and 430924.
26
Calculate the highest common divisor of 1472 and 38548.
92
What is the highest common factor of 54209 and 3020?
151
Calculate the highest common factor of 210996 and 24.
12
What is the greatest common divisor of 39812 and 89846?
538
Calculate the highest common factor of 87 and 583567.
29
What is the highest common divisor of 13 and 311077?
13
What is the greatest common divisor of 93032 and 464?
232
Calculate the highest common factor of 6882 and 1054.
62
What is the greatest common factor of 35900 and 8?
4
What is the greatest common divisor of 668 and 716?
4
What is the highest common factor of 56 and 696?
8
Calculate the greatest common divisor of 567 and 628614.
189
Calculate the highest common divisor of 42 and 304017.
21
What is the highest common divisor of 21752 and 40?
8
Calculate the greatest common factor of 649 and 209.
11
What is the greatest common divisor of 4383 and 261?
9
What is the greatest common divisor of 468226 and 22?
22
Calculate the highest common factor of 65792 and 22784.
256
Calculate the highest common divisor of 75864 and 3712.
232
What is the highest common factor of 516 and 760928?
172
What is the highest common divisor of 28 and 34846?
14
What is the grea